st common divisor of 249 and 1572?
3
What is the highest common factor of 19389 and 1124?
281
What is the greatest common factor of 8 and 2474?
2
What is the highest common factor of 14 and 46067?
7
Calculate the highest common divisor of 26076 and 3657.
159
What is the greatest common divisor of 200 and 3775?
25
What is the greatest common factor of 3312 and 5566?
46
Calculate the highest common factor of 9384 and 414.
138
Calculate the highest common factor of 1230 and 92370.
30
What is the greatest common divisor of 31174 and 211133?
1417
What is the greatest common divisor of 2324 and 10624?
332
Calculate the highest common factor of 350 and 275450.
350
What is the highest common divisor of 138659 and 3987?
443
What is the highest common factor of 31797562 and 106?
106
Calculate the highest common divisor of 39 and 2481.
3
Calculate the highest common factor of 2028 and 23088.
156
Calculate the highest common factor of 454509 and 891.
99
Calculate the greatest common factor of 165917 and 249.
83
What is the greatest common divisor of 256 and 278272?
256
Calculate the highest common divisor of 81466 and 4774.
154
What is the greatest common factor of 15 and 12519300?
15
Calculate the greatest common factor of 826 and 14750.
118
Calculate the highest common factor of 407 and 10901.
11
What is the highest common divisor of 1008 and 137844?
252
Calculate the highest common factor of 15228 and 7708.
188
Calculate the highest common divisor of 11979 and 847.
121
Calculate the greatest common divisor of 51 and 23647.
17
What is the greatest common factor of 674 and 22?
2
What is the highest common divisor of 85 and 14441755?
85
Calculate the highest common factor of 29772 and 1.
1
What is the highest common divisor of 267244 and 852?
284
Calculate the greatest common factor of 131 and 7017539.
131
Calculate the greatest common factor of 196010 and 110.
10
Calculate the greatest common factor of 80 and 1294940.
20
Calculate the highest common factor of 127 and 160655.
127
Calculate the highest common divisor of 4345 and 7505.
395
Calculate the greatest common factor of 117576 and 4.
4
Calculate the highest common factor of 238 and 20587.
119
What is the highest common divisor of 8512 and 784?
112
Calculate the greatest common divisor of 154 and 2722874.
154
What is the greatest common divisor of 322959 and 26?
13
Calculate the greatest common factor of 2908389 and 11.
11
What is the highest common factor of 352 and 73106?
22
What is the greatest common divisor of 73528 and 1092?
364
What is the highest common factor of 49049 and 297?
11
Calculate the greatest common divisor of 512065 and 235.
235
Calculate the greatest common divisor of 5514864 and 912.
912
Calculate the highest common divisor of 95495 and 355.
355
Calculate the highest common divisor of 689 and 7813.
13
What is the highest common factor of 3837233 and 111?
37
Calculate the greatest common divisor of 690 and 381800.
230
What is the greatest common divisor of 1228 and 71531?
307
What is the highest common factor of 4 and 411652?
4
What is the highest common divisor of 85 and 2548555?
85
Calculate the greatest common divisor of 144 and 50352.
48
What is the highest common divisor of 1390 and 830?
10
What is the highest common factor of 81 and 906363?
27
Calculate the highest common factor of 525 and 139335.
105
What is the highest common divisor of 880 and 2240?
80
What is the highest common divisor of 20305 and 2480?
155
What is the highest common divisor of 3 and 1831?
1
What is the highest common divisor of 7 and 110761?
7
Calculate the greatest common divisor of 277840 and 755.
755
What is the greatest common divisor of 70255 and 10?
5
Calculate the highest common factor of 90510 and 150.
30
What is the greatest common factor of 31500 and 1995?
105
Calculate the greatest common factor of 91214 and 2714.
118
Calculate the highest common divisor of 82 and 303441.
41
Calculate the greatest common factor of 20299 and 583.
53
Calculate the highest common factor of 8304 and 128.
16
What is the greatest common divisor of 947302 and 38?
38
Calculate the highest common divisor of 3264 and 17088.
192
What is the highest common factor of 14613 and 3?
3
Calculate the greatest common divisor of 102 and 37196.
34
What is the greatest common factor of 23 and 175283?
23
Calculate the highest common divisor of 6594 and 2202.
6
Calculate the highest common factor of 365 and 941846.
73
What is the highest common factor of 75053 and 3278?
11
What is the greatest common factor of 3461230 and 570?
190
What is the highest common factor of 11375 and 39?
13
What is the greatest common divisor of 153 and 951371?
17
Calculate the greatest common factor of 141436 and 1216.
76
Calculate the highest common factor of 27398 and 1454978.
1442
What is the greatest common divisor of 17679 and 4482?
249
What is the highest common divisor of 186 and 12966?
6
What is the greatest common factor of 4959 and 62901?
261
Calculate the highest common divisor of 1866761 and 962.
481
Calculate the greatest common divisor of 40 and 238688.
8
Calculate the greatest common factor of 98462 and 338.
26
What is the greatest common divisor of 190 and 116945?
95
Calculate the highest common divisor of 120900 and 100.
100
Calculate the greatest common factor of 1653 and 34423.
29
What is the greatest common factor of 559 and 9061?
13
What is the highest common divisor of 1908 and 676?
4
Calculate the highest common divisor of 58359 and 5880.
147
Calculate the greatest common divisor of 1338 and 937938.
1338
What is the highest common factor of 27472 and 5032?
136
Calculate the highest common factor of 568867 and 13.
13
What is the highest common factor of 79148 and 282?
94
Calculate the highest common divisor of 29449 and 539.
49
Calculate the greatest common factor of 108 and 9427068.
36
What is the greatest common divisor of 20 and 5710?
10
Calculate the highest common divisor of 72 and 71608.
8
Calculate the greatest common divisor of 118656 and 416.
32
What is the highest common factor of 294104 and 1746?
194
What is the greatest common factor of 241 and 964?
241
What is the greatest common factor of 1605 and 3000?
15
Calculate the highest common divisor of 663110 and 140.
70
What is the greatest common divisor of 69331 and 19?
19
Calculate the greatest common factor of 102 and 28398.
6
What is the highest common divisor of 1652 and 236944?
236
Calculate the highest common factor of 1456 and 11011.
91
What is the greatest common factor of 1445861 and 188?
47
Calculate the highest common divisor of 206 and 528.
2
Calculate the highest common factor of 141 and 488001.
141
What is the greatest common divisor of 12140 and 9340?
20
Calculate the greatest common divisor of 160 and 5584400.
80
What is the highest common factor of 513 and 26201?
19
What is the greatest common divisor of 32 and 4458152?
8
Calculate the highest common factor of 89492 and 104.
52
Calculate the greatest common divisor of 387170 and 70.
70
What is the highest common factor of 127 and 22?
1
Calculate the highest common divisor of 37442 and 32398.
194
What is the highest common factor of 1053819 and 351?
117
Calculate the highest common factor of 714 and 143718.
102
Calculate the highest common divisor of 722315 and 27830.
1265
Calculate the greatest common divisor of 415184 and 308.
308
Calculate the greatest common divisor of 30 and 14320.
10
Calculate the greatest common divisor of 25165 and 175.
35
Calculate the highest common factor of 4965 and 9600.
15
What is the highest common factor of 577798 and 2769?
923
What is the greatest common divisor of 4315 and 35?
5
Calculate the greatest common divisor of 5558 and 2786.
14
What is the highest common factor of 20 and 349540?
20
Calculate the highest common factor of 451 and 423038.
451
What is the greatest common divisor of 41445 and 6831?
27
What is the highest common factor of 1820664 and 432?
216
Calculate the highest common divisor of 325 and 11609.
13
What is the greatest common factor of 1060272 and 666?
666
What is the highest common divisor of 86505 and 474?
237
Calculate the highest common factor of 178409 and 539.
539
Calculate the highest common factor of 713160 and 1008.
504
Calculate the gr